{"id":625,"date":"2024-10-20T19:07:38","date_gmt":"2024-10-20T17:07:38","guid":{"rendered":"https:\/\/groupeastronomiespa.be\/astrogas\/?page_id=625"},"modified":"2026-02-11T20:58:29","modified_gmt":"2026-02-11T19:58:29","slug":"insertion-annonce-materiel-astronomique","status":"publish","type":"page","link":"https:\/\/groupeastronomiespa.be\/astrogas\/insertion-annonce-materiel-astronomique\/","title":{"rendered":"Insertion annonce mat\u00e9riel astronomique"},"content":{"rendered":"<p>[et_pb_section fb_built=\u00a0\u00bb1&Prime; _builder_version=\u00a0\u00bb4.27.4&Prime; _module_preset=\u00a0\u00bbdefault\u00a0\u00bb min_height=\u00a0\u00bb1250.3px\u00a0\u00bb custom_margin=\u00a0\u00bb0px||||false|false\u00a0\u00bb custom_padding=\u00a0\u00bb0px|||||\u00a0\u00bb global_colors_info=\u00a0\u00bb{}\u00a0\u00bb][et_pb_row _builder_version=\u00a0\u00bb4.27.2&Prime; _module_preset=\u00a0\u00bbdefault\u00a0\u00bb custom_margin=\u00a0\u00bb0px||||false|false\u00a0\u00bb global_colors_info=\u00a0\u00bb{}\u00a0\u00bb][et_pb_column type=\u00a0\u00bb4_4&Prime; _builder_version=\u00a0\u00bb4.27.2&Prime; _module_preset=\u00a0\u00bbdefault\u00a0\u00bb global_colors_info=\u00a0\u00bb{}\u00a0\u00bb][et_pb_image src=\u00a0\u00bbhttps:\/\/groupeastronomiespa.be\/astrogas\/wp-content\/uploads\/2024\/10\/logo_GAS_original-300&#215;190.jpg\u00a0\u00bb alt=\u00a0\u00bbGroupe Astronomie de Spa\u00a0\u00bb title_text=\u00a0\u00bbGroupe Astronomie de Spa\u00a0\u00bb url=\u00a0\u00bb@ET-DC@eyJkeW5hbWljIjp0cnVlLCJjb250ZW50IjoiaG9tZV91cmwiLCJzZXR0aW5ncyI6e319@\u00a0\u00bb _builder_version=\u00a0\u00bb4.27.4&Prime; _dynamic_attributes=\u00a0\u00bburl\u00a0\u00bb _module_preset=\u00a0\u00bbdefault\u00a0\u00bb custom_margin=\u00a0\u00bb0px||||false|false\u00a0\u00bb custom_padding=\u00a0\u00bb0px||||false|false\u00a0\u00bb global_colors_info=\u00a0\u00bb{}\u00a0\u00bb][\/et_pb_image][et_pb_text _builder_version=\u00a0\u00bb4.27.5&Prime; _module_preset=\u00a0\u00bbdefault\u00a0\u00bb background_color=\u00a0\u00bbrgba(12,113,195,0.1)\u00a0\u00bb custom_margin=\u00a0\u00bb||||false|false\u00a0\u00bb custom_padding=\u00a0\u00bb5px|5px|5px|5px|true|true\u00a0\u00bb border_radii=\u00a0\u00bbon|10px|10px|10px|10px\u00a0\u00bb border_width_all=\u00a0\u00bb1px\u00a0\u00bb border_color_all=\u00a0\u00bb#000000&Prime; box_shadow_style=\u00a0\u00bbpreset1&Prime; global_colors_info=\u00a0\u00bb{}\u00a0\u00bb]<\/p>\n<p><strong>V<\/strong>ous \u00eates invit\u00e9s \u00e0 nous envoyer vos petites annonces pour la vente de votre mat\u00e9riel \u00e0 caract\u00e8re astronomique.<br \/>Nous vous demandons de\u00a0<strong><span style=\"color: #ff0000;\">bien remplir tous les champs, de fournir votre adresse e-mail et de pr\u00e9f\u00e9rence de joindre une photo du mat\u00e9riel <\/span><span style=\"font-family: Verdana, Arial, Helvetica, sans-serif;\">[2 Mo maximum &#8211; merci !]<\/span><\/strong>.<\/p>\n<p><strong>Nous nous permettons d&rsquo;insister \u00e9galement pour que ce formulaire soit le plus complet possible !<br \/>Trop souvent, nous recevons des demandes d&rsquo;insertion d&rsquo;annonce sans le nom de famille ou sans la localit\u00e9, voire m\u00eame sans adresse e-mail !!!!<\/strong><\/p>\n<p>&nbsp;<\/p>\n<p style=\"text-align: justify;\"><em>Lorsque votre mat\u00e9riel est <strong>vendu<\/strong> ou que vous d\u00e9sirez apporter une <strong>modification<\/strong> \u00e0 une annonce parue, veuillez envoyer un e-mail \u00e0 <span style=\"text-decoration: underline;\">dominique.gering (at) scarlet.be<\/span> en mentionnant le <strong>TITRE<\/strong> et la <strong>DATE<\/strong> de parution. Nous ferons le n\u00e9cessaire le plus rapidement possible.<\/em><br \/><em>Il nous semble important que de <strong>vielles<\/strong> annonces ne restent pas sur le site <strong>sans<\/strong> la mention &lsquo;Vendu&rsquo;&#8230; Merci d&rsquo;en tenir compte.<\/em><\/p>\n<p><em>Ce service est gratuit.<\/em><\/p>\n<p><strong><em>Le\u00a0GAS\u00a0d\u00e9cline toute responsabilit\u00e9 quant \u00e0 la v\u00e9racit\u00e9 des informations donn\u00e9es sur cette page.<br \/>Nous invitons nos lecteurs \u00e0 la plus grande prudence lorsqu&rsquo;ils re\u00e7oivent une r\u00e9ponse d&rsquo;achat suite \u00e0 la vente de mat\u00e9riel.<\/p>\n<p><\/em><span style=\"color: #ff0000;\">Attention: vu la vague de petites annonces frauduleuses, les adresses IP sont enregistr\u00e9es. Ces annonces frauduleuses seront signal\u00e9es.<\/span><\/strong><\/p>\n<p><em>Ce site a pour but de faciliter l&rsquo;\u00e9change et la vente de mat\u00e9riel entre astronomes amateurs.<\/em><br \/><em>Les annonces des professionnels ne seront pas prises en compte, pas plus que celles sans rapport avec l&rsquo;astronomie.<\/em><br \/><em>Merci d&rsquo;avance !<\/em><\/p>\n<p>Pour consulter les petites annonces d\u00e9j\u00e0 parues, veuillez vous rendre sur cette <strong><a href=\"https:\/\/groupeastronomiespa.be\/astrogas\/category\/petitesannonces\/\">page<\/a><\/strong>.<\/p>\n<p>&nbsp;<\/p>\n<p>[\/et_pb_text][dsm_contact_form_7 cf7_library=\u00a0\u00bb631&Prime; show_validation=\u00a0\u00bbon\u00a0\u00bb button_alignment=\u00a0\u00bbcenter\u00a0\u00bb input_background_color=\u00a0\u00bb#FFFFFF\u00a0\u00bb file_padding=\u00a0\u00bb3px||25px||false|false\u00a0\u00bb file_background_color=\u00a0\u00bbRGBA(255,255,255,0)\u00a0\u00bb _builder_version=\u00a0\u00bb4.27.5&Prime; _module_preset=\u00a0\u00bbdefault\u00a0\u00bb labels_text_color=\u00a0\u00bb#000000&Prime; input_textarea_select_font=\u00a0\u00bb||||||||\u00a0\u00bb input_textarea_select_text_color=\u00a0\u00bb#000000&Prime; placeholder_font=\u00a0\u00bb||||||||\u00a0\u00bb placeholder_text_color=\u00a0\u00bb#000000&Prime; background_color=\u00a0\u00bbrgba(12,113,195,0.1)\u00a0\u00bb custom_button_one=\u00a0\u00bbon\u00a0\u00bb button_one_text_color=\u00a0\u00bb#FFFFFF\u00a0\u00bb button_one_bg_use_color_gradient=\u00a0\u00bbon\u00a0\u00bb button_one_bg_color_gradient_type=\u00a0\u00bbelliptical\u00a0\u00bb button_one_bg_color_gradient_stops=\u00a0\u00bb#2b87da 0%|#441256 100%\u00a0\u00bb button_one_icon=\u00a0\u00bb&#xe031;||divi||400&Prime; custom_padding=\u00a0\u00bb5px|5px|5px|5px|true|true\u00a0\u00bb border_radii=\u00a0\u00bbon|10px|10px|10px|10px\u00a0\u00bb border_width_all=\u00a0\u00bb1px\u00a0\u00bb border_color_all=\u00a0\u00bb#000000&Prime; box_shadow_style=\u00a0\u00bbpreset1&Prime; global_colors_info=\u00a0\u00bb{}\u00a0\u00bb][\/dsm_contact_form_7][\/et_pb_column][\/et_pb_row][\/et_pb_section]<\/p>\n","protected":false},"excerpt":{"rendered":"<p>Vous \u00eates invit\u00e9s \u00e0 nous envoyer vos petites annonces pour la vente de votre mat\u00e9riel \u00e0 caract\u00e8re astronomique.Nous vous demandons de\u00a0bien remplir tous les champs, de fournir votre adresse e-mail et de pr\u00e9f\u00e9rence de joindre une photo du mat\u00e9riel [2 Mo maximum &#8211; merci !]. Nous nous permettons d&rsquo;insister \u00e9galement pour que ce formulaire soit le plus complet possible !Trop souvent, nous recevons des demandes d&rsquo;insertion d&rsquo;annonce sans le nom de famille ou sans la localit\u00e9, voire m\u00eame sans adresse e-mail !!!! &nbsp; Lorsque votre mat\u00e9riel est vendu ou que vous d\u00e9sirez apporter une modification \u00e0 une annonce parue, veuillez envoyer un e-mail \u00e0 dominique.gering (at) scarlet.be en mentionnant le TITRE et la DATE de parution. Nous ferons le n\u00e9cessaire le plus rapidement possible.Il nous semble important que de vielles annonces ne restent pas sur le site sans la mention &lsquo;Vendu&rsquo;&#8230; Merci d&rsquo;en tenir compte. Ce service est gratuit. Le\u00a0GAS\u00a0d\u00e9cline toute responsabilit\u00e9 quant \u00e0 la v\u00e9racit\u00e9 des informations donn\u00e9es sur cette page.Nous invitons nos lecteurs \u00e0 la plus grande prudence lorsqu&rsquo;ils re\u00e7oivent une r\u00e9ponse d&rsquo;achat suite \u00e0 la vente de mat\u00e9riel. Attention: vu la vague de petites annonces frauduleuses, les adresses IP sont enregistr\u00e9es. Ces annonces frauduleuses seront signal\u00e9es. Ce [&hellip;]<\/p>\n","protected":false},"author":1,"featured_media":0,"parent":0,"menu_order":0,"comment_status":"closed","ping_status":"closed","template":"","meta":{"_et_pb_use_builder":"on","_et_pb_old_content":"","_et_gb_content_width":"","footnotes":""},"class_list":["post-625","page","type-page","status-publish","hentry"],"_links":{"self":[{"href":"https:\/\/groupeastronomiespa.be\/astrogas\/wp-json\/wp\/v2\/pages\/625","targetHints":{"allow":["GET"]}}],"collection":[{"href":"https:\/\/groupeastronomiespa.be\/astrogas\/wp-json\/wp\/v2\/pages"}],"about":[{"href":"https:\/\/groupeastronomiespa.be\/astrogas\/wp-json\/wp\/v2\/types\/page"}],"author":[{"embeddable":true,"href":"https:\/\/groupeastronomiespa.be\/astrogas\/wp-json\/wp\/v2\/users\/1"}],"replies":[{"embeddable":true,"href":"https:\/\/groupeastronomiespa.be\/astrogas\/wp-json\/wp\/v2\/comments?post=625"}],"version-history":[{"count":29,"href":"https:\/\/groupeastronomiespa.be\/astrogas\/wp-json\/wp\/v2\/pages\/625\/revisions"}],"predecessor-version":[{"id":16817,"href":"https:\/\/groupeastronomiespa.be\/astrogas\/wp-json\/wp\/v2\/pages\/625\/revisions\/16817"}],"wp:attachment":[{"href":"https:\/\/groupeastronomiespa.be\/astrogas\/wp-json\/wp\/v2\/media?parent=625"}],"curies":[{"name":"wp","href":"https:\/\/api.w.org\/{rel}","templated":true}]}}